or of q and r?
5
Suppose 5*z + 45 = 2*s + s, -5*z = -2*s + 40. Let n be (-76)/(-18) + 8/(-36). Let i be (-25)/(-15) + n/z. Calculate the greatest common factor of 1 and i.
1
Let h(z) = 2*z**2 + 6*z - 8. Let w be h(-7). Suppose -3*c - c + 48 = 0. What is the highest common factor of c and w?
12
Let l be 1/(-2) - (-338)/4. Let d be (-294)/(-35)*(-20)/(-8). What is the highest common factor of d and l?
21
Suppose 6*u = 3*u + 3681. Let o be u + 2/((-4)/(-6)). Let z be o/14 - 7/(-49). What is the highest common factor of 22 and z?
22
Let o be ((-12)/(-10))/(33/110). Suppose -o + 6 = g. Calculate the highest common factor of g and 18.
2
Let w be 116/16 - (-1 - 1)/(-8). Suppose 0 = -2*i - 2, -2*u + 0*i - 55 = 3*i. Let o = u - -47. What is the highest common factor of w and o?
7
Let o = 6 + -12. Let k = o + 4. Let h = k + 16. Calculate the greatest common factor of 14 and h.
14
Let o = 18 - 9. Calculate the greatest common factor of 9 and o.
9
Let c be (-42)/(-8) - 2/8. Let w(r) = -r**3 + 4*r**2 + r - 3. Let f be w(4). What is the highest common divisor of c and f?
1
Let u = 87 - 51. Calculate the highest common divisor of 60 and u.
12
Let l = -25 + 40. Suppose 10*z + 80 = l*z. Calculate the greatest common divisor of z and 64.
16
Let w be ((-234)/21)/(1/(-7)). Suppose -2*c + 210 = -w. Calculate the highest common factor of 16 and c.
16
Suppose k = -3*c + 62, -3*k = -0*c + 4*c - 166. Suppose -k = 3*d - 4*d. What is the highest common factor of 10 and d?
10
Suppose 2 = a - 0. Suppose 3*m + 2*j = a*m + 12, 8 = 5*m - 3*j. Suppose -2*l - s = -9, 0*l - 14 = -3*l - 2*s. What is the greatest common factor of l and m?
4
Suppose u + 0 = 2. What is the greatest common divisor of 2 and u?
2
Let n(p) = p - 4. Let b be n(0). Suppose 4*j + 4 = -0. Let c be (b/(-12))/(j/(-12)). What is the greatest common factor of 6 and c?
2
Let b(a) be the second derivative of -a**3 - a**2 - 3*a. Let j be b(-3). What is the greatest common divisor of 4 and j?
4
Let j = -36 + 38. Calculate the highest common factor of 6 and j.
2
Suppose 5 = -3*s + 32. Suppose 4*g - s = 19. Let v be (-410)/(-35) - (-2)/g. Calculate the greatest common divisor of 12 and v.
12
Suppose 5*z - 2*z - 9 = 0. Let v(r) = 43*r - 9. Let k be v(z). Suppose -2*d + 2*o = -38, 2*o + 0 = -8. What is the highest common divisor of k and d?
15
Let c(g) = g**3 + 2*g**2 - 3*g - 3. Let y be c(-3). Let d be 22/((-22)/(-6) + y). What is the highest common factor of 22 and d?
11
Suppose -7*d = d - 56. What is the highest common divisor of d and 1?
1
Let n = -8 + 2. Let p(q) = -q**3 - 5*q**2 + 5*q + 4. Let m be p(n). What is the greatest common factor of 25 and m?
5
Let h be 1/(404/100 - 4). Suppose -5*b + 4*u + 66 = 0, -b - b + 4*u = -36. Calculate the highest common divisor of b and h.
5
Let j = 36 - 16. Suppose -5*b + 5 = -j. Let v(d) = -d**3 - 7*d**2 + 5*d + 11. Let g be v(-8). What is the greatest common divisor of b and g?
5
Suppose i = 17 + 3. Calculate the greatest common factor of i and 80.
20
Let w(j) = -j**3 + 10*j**2 + 27*j + 5. Let i be w(12). What is the highest common divisor of 328 and i?
41
Suppose 4*h + 5*z = 28, -16 - 4 = -5*z. What is the highest common factor of 20 and h?
2
Let c(x) = -x**2 + 8*x. Let j be c(4). Suppose -4*z - j = 0, 5*a - 248 = 5*z - 3*z. Let f = 21 + 11. What is the greatest common divisor of a and f?
16
Let u(g) be the first derivative of -g**2/2 + 5*g - 6. Let n be u(-11). What is the highest common factor of 4 and n?
4
Let t be (-1 - -2)/((-5)/(-30)). Let u(w) = w - 4. Let b be u(3). Let r be (b + (0 - 2))*-2. What is the highest common factor of t and r?
6
Suppose -6*n + 2*n + 36 = 0. What is the highest common factor of n and 72?
9
Let d = 21 + -36. Let b be 4/(-10) - 696/d. Let q be b/10 - (-4)/10. Calculate the greatest common factor of q and 20.
5
Suppose y + 10 = 3*y. Suppose 5*f = 2*q + f - 200, -305 = -3*q + y*f. Calculate the greatest common divisor of q and 10.
10
Let q(b) be the first derivative of -b**4/4 + 2*b**3 - b**2 - b + 4. Suppose -p = -0*p - 2. Let o be q(p). What is the greatest common divisor of o and 55?
11
Let m = 33 - 5. What is the greatest common divisor of m and 140?
28
Let t = 65 - 44. What is the greatest common divisor of 14 and t?
7
Suppose v - 2 = 3. Suppose 0*h + 40 = v*j - 5*h, -16 = -2*j + 5*h. What is the greatest common factor of j and 72?
8
Suppose -11 = -t + 5*f + 5, t - 25 = -4*f. Suppose 0 = 4*q + t - 109. Calculate the greatest common factor of 2 and q.
2
Let n = -64 - -197. What is the highest common divisor of 57 and n?
19
Let u = -73 + 145. What is the greatest common divisor of 18 and u?
18
Suppose 6*h - 60 - 36 = 0. Calculate the highest common factor of h and 128.
16
Let k be (-6 + 2)*-2*14. Suppose y + 3*y - k = 0. Calculate the highest common factor of y and 7.
7
Let n(s) = 2130*s + 2. Let k be n(-1). Let m be k/(-63) + 4/18. What is the highest common factor of 51 and m?
17
Let s(z) = -10*z - 22. Let l be s(-13). Calculate the greatest common factor of 12 and l.
12
Let s = 142 - 94. What is the highest common divisor of s and 8?
8
Let o = -35 - -47. What is the greatest common factor of o and 30?
6
Let r be (-35)/((-7)/4 + 9/6). Calculate the greatest common divisor of r and 20.
20
Let o = 18 - -9. What is the highest common factor of o and 9?
9
Let w = 218 - 199. Let s = 103 - 46. What is the highest common factor of w and s?
19
Let p = -35 - -25. Let l be ((-32)/p)/((-4)/(-20)). Calculate the highest common divisor of l and 64.
16
Let a(b) = -b**3 + 2*b**2 - 2*b - 3. Let p be a(-3). Calculate the highest common divisor of p and 24.
24
Let k = 4 + 1. Let g(y) = 12*y - 8. Let n(u) = -4*u + 3. Let z(f) = -2*g(f) - 7*n(f). Let j be z(k). What is the greatest common factor of 10 and j?
5
Let a(n) = -7*n - 2. Let f be a(-3). Let l be 6*(-8)/12 + f. Calculate the highest common factor of l and 15.
15
Let o be 3*3 + (0 - 1). Let y = o - 6. Let u(s) = 2*s**2 + 2*s - 8. Let z be u(-4). What is the highest common divisor of y and z?
2
Let i = 11 + 37. Let w(h) = -h**3 - 12*h**2 + 13*h + 12. Let l be w(-13). What is the greatest common factor of i and l?
12
Suppose 4*x = 5*x. Let r be (-16)/(x + 3/(-18)). Let s = 18 + -6. What is the greatest common factor of s and r?
12
Let l(r) = -r**2 - 5*r - 3. Let s be l(-6). Let h(m) = -m**3 - 7*m**2 + 3*m + 1. Let n be h(s). What is the greatest common factor of 17 and n?
17
Suppose 9 = -4*b - 3, -19 = -2*v + 5*b. Let x be 2 + (v - -38) - 0. Let h be 40/7 + (-6)/(-21). What is the greatest common factor of h and x?
6
Suppose 4*z - 4*i - 488 = -0*z, 4*z - 520 = -4*i. Let b(p) = -7*p - 3. Let m be b(-3). Calculate the highest common divisor of m and z.
18
Suppose -13*q = -3*q - 10. What is the greatest common factor of q and 1?
1
Suppose 7*n - 4*n = 189. Calculate the highest common factor of 9 and n.
9
Let h(x) = -11*x + 3. Let f(d) = 12*d - 4. Let i(q) = 3*f(q) + 4*h(q). Let y be i(-5). Calculate the greatest common factor of 8 and y.
8
Let g(v) be the third derivative of v**5/60 - v**4/24 + 10*v**3/3 + v**2. Let q = -8 - -8. Let r be g(q). What is the highest common factor of 8 and r?
4
Let y(r) = -r + 14. Let s be y(7). Calculate the highest common factor of s and 7.
7
Let s(v) = -v**3 + 7*v**2 - v + 3. Let z be s(6). Let x be 0/(2 + 8/(-2)). Suppose x = 5*o - 2*o - 33. What is the highest common divisor of z and o?
11
Suppose -3*j + 2*j + 30 = 0. Suppose 4*y + 7 = -33. Let q = 16 + y. Calculate the highest common divisor of q and j.
6
Let k be -2 - 0*2/(-4). Let r be 0/(k - 1) - -5. Suppose 5*d + u - 75 = 0, d = -5*u + 5 + 10. What is the greatest common divisor of r and d?
5
Suppose -2*w - 112 = -2*r, -r - 92 = -3*r - 3*w. What is the greatest common divisor of r and 39?
13
Suppose -5*z + 33 + 17 = 0. Let g(v) = -v**3 + 10*v**2 + 2*v - 2. Let k be g(z). Calculate the greatest common factor of k and 72.
18
Suppose 5*j - 5*w = 10, 2*w + 3 - 1 = 0. What is the highest common factor of 5 and j?
1
Let c(m) = m**3 + 6*m**2 + 4*m + 3. Let d be c(-5). Calculate the highest common divisor of d and 8.
8
Let h = -28 + 45. Let j = 301 - 114. What is the highest common factor of h and j?
17
Let w(j) = -j**3 - 2*j - 4. Let m be w(-2). Suppose -3*n + 3*g + 0*g = 30, 22 = -3*n + g. Let f = m + n. Calculate t